1 + 2 - 3).
-2
-2 + (30 - 34) + (3 - 0)
-3
7 + -7 + 5 - 2
3
Evaluate 1 + 1 + -49 + 49.
2
(3 + -4 - (3 + -2)) + 7
5
2 + 1 - (-16 - -11)
8
What is the value of -3 + 0 - (-18 - -5)?
10
Calculate 2 - (-3 + 4 + 0).
1
Calculate 3 - -4 - 7 - 4.
-4
What is 1 + (-5 - (-4 - (-1 - -2)))?
1
What is 5 + 4 + -7 - -2?
4
What is the value of 5 + -7 + (4 - 3 - -11)?
10
Evaluate (1 - (-1 - 0)) + -3 - -10.
9
What is (15 + -5 - 6) + -4?
0
What is 8 + 1 + -5 + -2 + 2?
4
Calculate (1 - 6) + 58 + -53.
0
What is the value of 2 + 4 + -2 - (-8 - -6)?
6
Evaluate -6 + 9 - (3 - -1).
-1
What is 2 - 3 - (9 - (4 - -2))?
-4
Calculate -8 - (-4 + (-3 - (5 + -4))).
0
What is the value of -8 - (-47 - -37 - (-1 + -1))?
0
(58 - 57) + -1 + -2
-2
What is 1 - (-2 - (-3 - 3))?
-3
Calculate -2 - (5 + 1 + -4 + -5).
1
What is 1 - (9 - (0 + (-2 - -3)))?
-7
What is -3 + (0 - 3) + (1 - -5)?
0
3 - (3 - 8 - -6)
2
3 + 4 + -7 + 1
1
What is the value of (-6 - -4 - -3) + 2 - -1?
4
Calculate (0 - (-3 + 2)) + 50 + -51.
0
-4 + 7 + 3 + -8
-2
What is the value of 4 + (-3 - (-6 + 2))?
5
9 + -1 + 0 - (-33 + 40)
1
Calculate 4 + (-3 - (0 - -6)).
-5
What is the value of 0 + 2 + -78 + 67?
-9
Evaluate -4 - (6 + -6 + -6).
2
Calculate (7 - 2) + 18 + -21.
2
What is the value of (2 - (-5 - -7)) + (-12 - -20)?
8
What is -4 - (3 - 1) - -5?
-1
Calculate (3 - (4 + -2)) + 73 + -72.
2
Calculate 15 + -1 + (-79 - -67).
2
Evaluate 8 + (0 - 2) - 11.
-5
Evaluate 7 - (8 + 5 + -4 + -7).
5
5 - ((17 - (8 - 4)) + -6)
-2
What is the value of -13 + 8 + -5 - -8?
-2
Calculate 1 + -2 - 0 - (41 - 45).
3
Calculate -12 + -1 + 36 + -27.
-4
What is 6 + (-8 - -3) + -1?
0
What is the value of 3 + 3 + (0 - (2 - 2))?
6
What is 3 + -12 - (0 - (0 - -5))?
-4
What is the value of 0 + 2 + -2 - -4?
4
Evaluate (3 - 9) + 2 + 4.
0
What is -8 + (6 - (-8 - -2))?
4
Evaluate 2 + -6 - (0 - 0).
-4
What is -10 - (1 + (-11 - 4) + 7)?
-3
Calculate 6 + -5 + 3 - -1 - 4.
1
What is the value of 21 + -25 - (-6 - 1)?
3
What is 9 - (3 - 2) - (-30 - -32)?
6
1 + 0 - -5 - (-1 - -10)
-3
Evaluate 1 - (-4 + 3) - 0.
2
Calculate 8 - -1 - (5 + -1).
5
Evaluate -5 + 1 + (3 - (-4 + 3)).
0
Evaluate 3 - -1 - 8 - -2 - -7.
5
What is the value of 19 - 23 - (0 - 1)?
-3
Evaluate -1 + 6 - (45 + -39).
-1
(2 - (1 + -2 + 2)) + 1
2
What is the value of -1 - -18 - (16 + 2 - 11)?
10
3 - 0 - (11 - (-4 + 16))
4
What is the value of -6 + -2 + -7 + 14 + -3?
-4
Evaluate -2 - -2 - 0 - -3.
3
What is 2 + -1 + (-2 - -1)?
0
Evaluate 3 + -2 + (0 - 1).
0
-13 + 5 + 2 + -1 + 1
-6
Calculate (-5 + 3 - -4) + (-5 - -2).
-1
Calculate 10 + 1 + -5 - (-2 - -5).
3
Calculate 1 - (1 + (2 - -3)).
-5
23 - 17 - (5 + -1)
2
What is the value of -1 - (-3 - 1 - -3)?
0
0 + (1 - (2 + -5 - -2))
2
Calculate 20 + -17 + (1 - 1).
3
Calculate 0 - ((7 - 7) + -2 + 1).
1
What is -1 + (-4 - -4) + -1 - 0?
-2
Evaluate -2 + 6 + (-2 - 1) + -2.
-1
What is -9 + (18 - (11 + -7))?
5
-11 + 4 + -1 + (15 - 16)
-9
Calculate 11 + 0 - (8 + -3 + -1).
7
Evaluate (-4 - 2) + -14 + 20.
0
Calculate 13 + -8 + -17 + 0 + 6.
-6
4 + -1 - (-6 - -7)
2
What is the value of (-7 - -4) + -2 + 2 + 6?
3
What is the value of 8 + (8 - 12) - (0 + 1)?
3
What is 0 + (-5 - 7 - -15)?
3
What is -6 + (-18 - -10) + 16?
2
Evaluate 2 - -6 - (22 - 19).
5
What is -3 - (-10 - -3) - (-4 - -4)?
4
Evaluate (4 - (4 + -6)) + 1.
7
What is the value of 22 + -12 + -4 - 3?
3
What is 9 + -2 + -3 + 0?
4
Calculate 4 + 3 + 1 - (3 + 1).
4
-8 + 5 - -5 - (2 - 4)
4
Evaluate (-1 + 1 - 0) + 5 + -6.
-1
(2 - (-2 - -2 - -2)) + -1
-1
What is 0 + 4 + -2 + -21 + 16?
-3
What is the value of (9 - (7 - 3)) + 0 + 1?
6
Calculate -2 + (0 - 1) + 3 + 0.
0
5 + (-3 - (4 + 1))
-3
Evaluate (-3 - -9 - 2) + 48 + -52.
0
Calculate -8 - ((-3 - 0) + -2).
-3
Calculate 0 - (-2 + 1) - (6 - 0).
-5
Calculate 32 + -29 + 0 + -8 - -6.
1
-1 - (-14 + -2 + 9)
6
What is -3 + -1 - -2 - (-6 - -6)?
-2
-2 + -1 + -6 + 2 + 3
-4
Calculate (0 - -3 - -1) + 0 + -2.
2
Evaluate 1 - (1 + (2 - -2)).
-4
Evaluate 3 + 4 + -7 + -4.
-4
What is 10 - 1 - (-1 - -6) - 3?
1
Evaluate (-5 - (-4 - 2)) + 4.
5
Evaluate (5 + 0 - (2 - 0)) + 4.
7
Calculate 1 - 0 - (-77 + 83).
-5
What is the value of 1 + (-9 + 11 - 5)?
-2
Evaluate -1 - (0 - 2) - (0 - 1).
2
What is the value of (-1 - -3 - 7) + (-2 - -4)?
-3
What is the value of -4 + 0 + (-1 - -6) + 0?
1
Evaluate 0 + (0 - -1 - 0).
1
-6 - (-1 + -12 - -3)
4
Calculate 8 - (-2 + 2 - -4).
4
Evaluate (2 - -1) + -5 + 6 + -7.
-3
What is the value of -1 + -3 + (-7 - -14)?
3
Evaluate (-4 - 0) + (-1 - -1).
-4
(-3 - -1) + 1 + 1
0
Evaluate 0 + -1 - 3 - (-9 + 6).
-1
1 + 0 - (7 + -10 + 0)
4
1 + 0 + -1 - -2 - 3
-1
What is the value of 0 - -1 - (-3 + 4 + -1)?
1
What is the value of 1 - 4 - (-2 - (0 + 1))?
0
What is 2 + 5 + (-6 - 1)?
0
Evaluate (-6 + 6 - 5) + 3.
-2
-6 + 0 - (-5 + 10 + -9)
-2
Evaluate -6 - (-5 - (3 + (-4 - 0))).
-2
What is the value of -15 + 12 - (-8 + (3 - -1))?
1
What is 9 - (12 + (-7 - (-3 + 2)))?
3
What is the value of 2 + -13 + 7 + 3?
-1
What is the value of (4 - 5) + 0 + -5 - -1?
-5
Evaluate 6 - (1 - -2) - -4 - 2.
5
What is (-9 - 2 - 2) + 8?
-5
What is (5 - 23 - -14) + 0 + -1?
-5
Evaluate -8 + -4 + 3 + -1 + 6.
-4
What is the value of -7 + 3 + -1 - (-1 - 1)?
-3
Calculate (3 - 2) + 3 + 1.
5
What is the value of 6 - (2 - -8) - -3?
-1
What is (-4 - -1) + (4 - -2)?
3
Evaluate 4 + -1 + (-1 - 3).
-1
Evaluate 3 + (1 - (2 + -2)).
4
Calculate -3 + (8 - 6 - -8).
7
What is the value of 4 - (1 - 3) - 10?
-4
Calculate -1 - (4 + 2 - 3).
-4
Calculate 5 + (-6 - -1 - -3).
3
What is the value of -6 + (0 - (0 + 1) - -6)?
-1
Calculate 0 - -4 - 2 - (10 - 13).
5
What is the value of (-7 - -3) + (8 - (-2 - -5))?
1
Evaluate 0 + -1 + (-55 - -60).
4
9 - (-11 + 21) - (-1 - -5)
-5
Calculate (-5 - (1 + -4)) + -1.
-3
-11 + 14 - (-3 - -11 - -1)
-6
Calculate -4 + (0 - -2) - (-1 + -5).
4
What is -5 - (-3 - (3 + (-7 - -3)))?
-3
1 - 0 - (22 - 20)
-1
What is (-7 - -3) + -3 + 0 + 7?
0
What is the value of -7 - ((7 - 15) + -2 - -6)?
-3
Evaluate 2 - (3 + -4 + -2 + 7).
-2
Evaluate -1 + (-6 - -12) + -6.
-1
What is (10 - 12) + -2 + 5?
1
Calculate -4 + (3 + 0 - (2 + -4)).
1
What is (1 - 1) + -8 - -4?
-4
What is the value of (4 - (-2 - (-6 - -2))) + -5?
-3
What is the value of -5 + 2 + 3 - 8?
-8
2 + -2 - (3 + (-3 - -5))
-5
What is the value of 0 + (-2 + 0 - 2) + 5?
1
Evaluate 2 + -14 + (-7 - -13) - 5.
-11
10 + -18 + 8 + -8
-8
What is 2 - (0 + (-4 - -4))?
2
What is the value of (3 - (-3 - -3)) + -4?
-1
What is 1 - (2 - (1 + 5))?
5
-6 + (-1 + 5 - (11 + -9))
-4
Calculate (-3 + -1 - (-2 - 1)) + 5.
4
Evaluate 2 + 1 + -2 + (10 - 12).
-1
What is 7 - 3 - 9 - -6?
1
Evaluate 7 + 1 - (-19 + 24).
3
What is the value of 237 + -224 + (-17 - 0)?
-4
Evaluate -4 + (3 - (2 - 0)) + 8.
5
What is -11 - -8 - (3 - (-1 + 2))?
-5
Calculate -3 + (-15 - -7 - -2) + 4.
-5
What is the value of -8 + (-5 - (-1 - 8)) - -1?
-3
Evaluate -12 + 7 + 8 + 0 + -1.
2
Evaluate -6 + 0 + -4 + 1 + 0.
-9
Evaluate -2 + (2 - -4) + 2.
6
Calculate 5 + -1 - (-3 - -4 - -6).
-3
Evaluate 17 + -11 + 0 + 5 + -5.
6
8 + -15 + 6 + 2 + 4
5
Evaluate -6 + 7 - (1 - 3).
3
What is -4 + 3 + -3 + 1?
-3
Evaluate 10 + -3 + (-3 - 3).
1
What is -16 + (0 - -8) - (-2 + 2)?
-8
(-8 - (2 + -1)) + 44 + -40
-5
5 - (4 - (4 + -9 - 0))
-4
4 + (2 - -2 - 1) + -8
-1
Calculate 5 + (-1 - 2) - (2 + 1).
-1
What is the value of 0 - -6 - (-6 + 2 + 7)?
3
Evaluate (9 - (16 + -8)) + 0 + -1.
0
What is 0 - (3 + -1 - 1 - 5)?
4
What is the value of -2 + (1 - 10) - -4 - -5?
-2
What is 5 + 5 + -5 + -10?
-5
What is the value of -13 + 25 + -9 - 1?
2
Evaluate -3 - (7 - 7) - (-4 + 0).
1
What is 3 - (-2 + 6) - -4?
3
What is 3 - (3 + (-11 - -21))?
-10
Evaluate -1 + (-6 - -1) + -2.
-8
What is the value of 4 - (-1 + -1 + 2)?
4
What is 1 + 4 + (-7 - -4)?
2
Calculate -5 - 1 - ((7 - 11) + -2).
0
Calculate 7 - 0 - (1 - 3 - -4).
5
Calculate -1 - 2 - (-5 - (0 - 5)).
-3
Evaluate -10 + 6 + (0 - -5).
1
What is (-5 - 0 - -2) + -2?
-5
What is (-2 + 2 - -7) + -8?
-1
What is the value of (9 - (3 + -3)) + -4?
5
What is 11 + 7 + (-10 - 10)?
-2
What is 2 + (-1 - -3) + 3?
7
What is the value of 7 - 12 - (-1 + 4 + -3)?
-5
2 + (1 - (3 + (-4 - -5)))
-1
What is (0 - -7 - 3) + -1 + -6?
-3
Evaluate (-24 - -20) + 0 + 1.
-3
Evaluate (2 - 1) + 0 + 4 + -7.
-2
Calculate 0 + 4 - (8 + 0).
-4
What is 3 + 0 + -2 - 4 - 0?
-3
Calculate -1 + 1 - (7 + -7 - -3).
-3
3 + 0 + -8 + 2
-3
(1 - (1 - (-6 +